84. Is k(-89) composite?
False
Is (52/(-104))/(3/2594388*-2) a composite number?
True
Suppose 4*o + 3 = 2*q - 119, 2*q - 77 = -5*o. Let t(h) = q + 233*h + 256*h - 16. Is t(12) prime?
True
Suppose 5 = -5*t - 4*r + 3, t + 4*r = -10. Suppose 14 = 2*p - 2*a + 5*a, 0 = t*a + 4. Is 83 - (1 - p)/3 a prime number?
False
Let g be 21/(-42)*(1*-1 - 7). Suppose 0 = 5*t + 6*s - g*s - 5316, s = 3. Suppose -3*j = -t - 1131. Is j a composite number?
True
Let f be ((-35)/11 - 6/(-33)) + 3508. Suppose y - 6*y = 5*a - f, -4*a + 2802 = 5*y. Is a prime?
False
Let m(l) = 25*l**2 + 7*l - 3. Let w(u) = 23*u**2 + 6*u - 4. Let v(z) = -3*m(z) + 4*w(z). Is v(-6) a prime number?
True
Let z be 2*(-3 - (2 - 6)). Let k(i) = 48*i + 5. Let l be k(z). Let p = -46 + l. Is p composite?
True
Suppose 480 = 5*l - 11*l. Let m = l + 167. Suppose 2*k - m = 1255. Is k composite?
True
Suppose 4*d - 3*q - 2 = 4, 2*d - 8 = 4*q. Suppose -70 = -5*i + 5*o, d*o - 32 = -3*i + o. Is 2337/i + 16/(-24) a composite number?
True
Suppose 0 = 517*p - 485*p - 3472928. Is p prime?
True
Is -14*(-26)/1274 + (-9245661)/(-7) a prime number?
False
Let h be (20 + 0)*15/(-15). Is (-39590)/(-4) - (90/h)/(-9) a composite number?
True
Let i(k) = 446*k**2 - 100*k - 57. Let h be i(-52). Suppose 70*d - h - 620843 = 0. Is d prime?
True
Let n = -82837 - -247104. Is n prime?
True
Let p(i) = 2404*i + 901. Is p(34) a composite number?
True
Let h(o) = -o + 1. Let v be h(0). Let y be 53669/(-42) - v/6. Let n = y + 2189. Is n composite?
False
Let r be 2173/((-5)/(-15) - 1/(-6)). Suppose -d = 5*w - 21793, -4*d + 0*d = -w + r. Is w prime?
False
Let p(l) = l**3 + 62*l**2 + 148*l + 287. Is p(-48) composite?
False
Suppose 10*w = 5*w. Suppose 4*q + t = -15, 3*q + w*q = 3*t - 30. Let f(m) = -5*m**3 - 8*m**2 - 3*m + 6. Is f(q) prime?
False
Let i = -527630 - -836319. Is i a prime number?
False
Suppose -145*p + 22681401 = -4*p. Is p a prime number?
True
Let t(b) = 37 - 14 - 11 - 17 + 338*b. Is t(11) a composite number?
True
Suppose -22*f + 22334 = -27540. Is f a composite number?
False
Let h(v) = -v + 13. Let x be h(9). Suppose 0 = -2*u + 3*o + 13120, -5*o + 26347 = x*u + 85. Is u composite?
False
Let q(w) = -3*w + 577. Let g(i) = 2 + i - i + i. Let o(r) = 2*g(r) + q(r). Is o(0) prime?
False
Is (3 + 284146)/(212 - 211) composite?
False
Is 3695540/75 + -1 - (7 + (-856)/120) a composite number?
True
Let v = -43722 + 73021. Is v a prime number?
False
Suppose -8*v + 729246 + 707082 = 0. Suppose -v = -123*b + 114*b. Is b prime?
True
Is 1 - ((-572)/10 - -2)*(-435)/(-2) a composite number?
False
Let u = 6856 + -12777. Let t = 16115 - u. Suppose -5*r + r + t = 0. Is r prime?
False
Suppose -138*o - 24 = -134*o. Is o/(-10) - (-19728)/45 a composite number?
False
Suppose 2*q = 2*u + 189742, 72*q - 70*q = 3*u + 189748. Is q composite?
True
Suppose 0 = 5*z - 3*i - 50, 2*z + i - 24 = 3*i. Suppose -15246 = -z*l + 12838. Let r = l - 2069. Is r prime?
False
Let o = -6242 - -61711. Is o a composite number?
False
Let r(c) = 19*c - 166. Let l be r(9). Suppose -6*z + 5*z + 4348 = 0. Suppose -z = p - l*p. Is p composite?
False
Suppose -45 = 3*w - 6*w. Let c(f) = -20*f**2 - 13. Let p(j) = -24*j**2 - j - 13. Let u(n) = -5*c(n) + 4*p(n). Is u(w) a prime number?
True
Let y(l) be the first derivative of -5*l**2/2 - 15*l + 19. Let p be y(-4). Suppose 5*u = p*r - 0*r - 4070, -3*r + 5*u = -2452. Is r composite?
False
Let h be (7 + 2)/(6 - 84/16). Suppose h*l + 641 = 3893. Is l a prime number?
True
Is (-150550 - -28)*(-4)/24 a prime number?
True
Suppose 0 = -3*z + 5 + 4, -718 = 4*r + 2*z. Suppose 1447 - 1635 = 2*t. Let q = t - r. Is q a prime number?
False
Let w(a) = 329*a**2 - 16*a + 64. Suppose 9*b - 32 - 13 = 0. Is w(b) a composite number?
False
Suppose 45 + 7 = 13*i. Is 29002/6 + (-11)/3 + i a composite number?
True
Let n = 3643 - 8372. Let i = n + 7980. Is i a prime number?
True
Suppose -5*f + 102 = 2*u, -3*u - 5*f + 225 = 2*u. Let m = 48 - u. Suppose 0 = -m*g + 2*g + 725. Is g a composite number?
True
Suppose -2*u + 4*u + 4*v + 28 = 0, -41 = 3*u + 5*v. Let g(o) = -66*o + 255. Is g(u) a prime number?
False
Suppose 190*s - 71780871 = 2185559. Is s a composite number?
False
Suppose 0 = 32*f + 15411 + 70573. Let g = 906 - f. Is g composite?
False
Let r be ((-6)/3 + 5)*(-14)/(-6). Let m(o) = -6*o**2 + 17 + 13*o**2 + 80*o**3 - 2*o - 79*o**3. Is m(r) prime?
False
Let z(v) = -v**2 - 18*v - 14. Let y be z(-17). Suppose 0 = y*p - 2*p - 3126. Suppose 0 = 4*i + g - 14370, 3*g - p = -2*i + 4054. Is i composite?
False
Let d(v) be the second derivative of 11*v**4/3 + 4*v**3/3 + v**2/2 + 13*v. Is d(-4) prime?
True
Suppose -5*g + x = -1033, 2*g + 2*g - x - 826 = 0. Let h = -133 + g. Is h a composite number?
True
Let s(m) = 185*m - 221. Let i be s(17). Let h = i - 1455. Is h a prime number?
False
Let v = -1062831 + 1549264. Is v a prime number?
True
Let m(i) be the first derivative of 31*i**4/4 - 8*i**3/3 + 6*i**2 + 5*i + 28. Is m(4) prime?
False
Let b = -933495 - -1691572. Is b a composite number?
True
Let a be -2*((-2)/10 - (-161)/(-70)). Suppose -a*h = 5*u + 10, h + 30 = 5*u - 2*h. Suppose -f - u*p + 70 = 0, -3*p - 281 - 51 = -5*f. Is f a prime number?
True
Suppose -168*v + 172*v + 5*f = 378144, f = 3*v - 283627. Is v prime?
True
Let c = -17 + 20. Suppose c*t = -184 - 197. Let v = 204 + t. Is v a prime number?
False
Let m(i) = 14*i + 1253. Let u be ((0/4)/5)/(-5). Is m(u) composite?
True
Let m be 44/7 - -1 - 22/77. Let s = 47 + m. Let q = 75 - s. Is q composite?
True
Let k = 96389 + -43062. Is k a prime number?
True
Let m(w) = -w**2 + 11*w - 7. Let t be m(14). Let d = t + 49. Suppose 3*b + 1170 - 5019 = d. Is b composite?
False
Let h = 1490 + 1314. Let v = h + -909. Suppose -v = -b - 4*b. Is b a composite number?
False
Let a(w) = 4*w**2 + 12*w + 11. Let f be a(-2). Is (-73)/((f/29)/(-3)) a composite number?
True
Let v = 807025 - 372752. Is v prime?
False
Suppose 42*i = 38*i - 64200. Let x = -3007 - i. Is x a composite number?
False
Let i(u) be the second derivative of -u**5/2 - u**4/12 + 2*u**3/3 - u**2 - 18*u. Let z be i(-6). Is (z + 0)/(5 - 3) prime?
True
Let f(n) = 185*n - 46. Suppose 81 + 3 = 12*p. Is f(p) a composite number?
False
Let u = -112045 - -339102. Is u prime?
False
Let b = -86797 - -510804. Is b composite?
False
Let w be 84/(6/72*2). Is 36/w + 143946/28 composite?
True
Suppose 3*t = -2*j - 6, j - 2*t = -0*t + 4. Suppose j*o = 7*o. Suppose o = -7*z + 4*z + 21. Is z a prime number?
True
Let w(h) = -9*h + 191*h**2 - 218*h**2 - 13 + 1. Let t be w(-4). Let j = t - -717. Is j a composite number?
True
Let s be -7440 - -2 - -1*3. Let a = -10749 - s. Is (a/(-6))/(13/39) prime?
True
Let v = -21 + 24. Suppose 4*t + 0*t = -v*j - 31, 0 = t - 3*j - 11. Let s(i) = -27*i**3 - i**2 + 7*i + 9. Is s(t) a composite number?
False
Suppose 0 = -26*n + 13*n + 640861. Is n a composite number?
False
Suppose 7 + 4 = 3*d - 2*k, -3*k - 10 = 2*d. Is (28773/5)/d + 16/40 composite?
True
Let c(b) = b - 8. Let i be c(11). Suppose -r + 17 = 5*t, i*r - 22 + 10 = -2*t. Suppose 0 = -f + o + 3*o + 1055, -r*f = o - 2119. Is f a composite number?
True
Let f be -1*(1 - 6) - -9. Suppose k + 11*o = f*o + 5395, -2*k + 10818 = o. Is k composite?
False
Let k(g) = -g**3 - g**2 + 20*g. Let b be k(4). Suppose 4*m - 2*m - 4874 = b. Is m prime?
True
Suppose 5 = t - 0*t. Let u be (0/1)/((-20)/(-10)). Suppose 3*k + 5*z = 809, t*k = -u*k + 2*z + 1307. Is k a composite number?
False
Suppose -2*i + 2*b - 24 = -2*b, -4*b - 18 = 5*i. Let p = 44 - i. Let f = p + 29. Is f prime?
True
Is ((-2261)/(-266))/(-2 - 8517/(-4258)) prime?
False
Suppose 1822429 = -10*n + 13*n - 4*f, 5*n - 3037367 = 3*f. Is n a prime number?
True
Let n = 22 - 24. Let g be (-4 - -6)/(n/(-253)). Suppose 6*k - 1289 = g. Is k a prime number?
True
Let q = -51965 - -100386. Is q a composite number?
True
Let a(q) = 268*q + 73. Let i(g) = -89*g - 24. Let h(d) = 4*a(d) + 11*i(d). Let l be (-114)/(-12) + 3/(-6). Is h(l) a prime number?
False
Suppose 0 = -16*u + 19*u + 34*u - 14256877. Is u composite?
False
Suppose -h = -18*h + 2618. Let l be 4638/7 + 66/h. Suppose w - 883 = -b, 3*b + 1078 = 2*w - l. Is w a prime number?
False
Suppose 169 = 9*m + 61. Suppose 2*o - 4*b = 3*o - 3, 4*b + m = 4*o. Suppose -2*g + t = 6 - 107, -o*g - 2*t = -169. Is g prime?